
Suppose 15*l + 5*l + 331873 = 39*l. Is l prime?
True
Is ((-130)/39 + 3)/((-1)/69555) a composite number?
True
Suppose 4*s = 17 - 5. Let k(g) = -1 + 7*g**s + 5*g**3 + 2 - 3*g**2 + 7*g - 10*g**3. Is k(5) prime?
True
Is ((-13)/26)/(2/(-144604)) a composite number?
False
Suppose 0 = 5*a + 5*k - 475850, -3*a + 5*k - 6*k + 285512 = 0. Is a composite?
True
Suppose i - 4 = 0, 9*b = 12*b - 4*i - 52637. Is b a composite number?
False
Let t be 1/(1/695) + 4. Let v = 2217 - t. Suppose 5*d - v = -3*g + 2*d, 4*g - 2039 = d. Is g a composite number?
False
Is 4/22 + 139715*30/550 composite?
False
Let x = 111970 - -15939. Is x a prime number?
False
Let a = 119102 - 23163. Is a a prime number?
False
Let p(z) = -z + 14. Let m be p(18). Let g be 798/28*(8/3)/m. Let t(h) = -20*h + 27. Is t(g) prime?
False
Let a be 850334/26 - (-28)/(-182). Suppose -2*p = -s - 15219, 5*p - a = -5*s + 5305. Is p prime?
True
Let m = 120435 - -98018. Is m a composite number?
False
Suppose -54*t + 59*t = 2*h - 15, -2*h + 4*t + 16 = 0. Let u(f) = 823*f + 85. Is u(h) a prime number?
False
Let z = 18579 + 10330. Is z composite?
False
Let q(u) be the third derivative of u**4/24 - u**3 - 2*u**2. Let h be q(6). Suppose h = 3*v - 931 - 170. Is v a composite number?
False
Let m be (1780/(-3))/((-6)/(-18)). Suppose 3*v = -i - 1024, 3*i + 4*v = 87 - 3164. Let h = i - m. Is h a prime number?
False
Let v = 17734 + -13031. Is v prime?
True
Let f(w) = -w + 35. Let u be f(11). Suppose -4*s - 3 = -4*c - 27, -s = -4*c - u. Is c/10 + ((-14015)/(-25) - 3) a composite number?
False
Let v be 27/24 + (-2)/16 + -33332. Let z = v - -57405. Is z a composite number?
True
Suppose -36 = -10*x + 6*x. Let p(o) = 7*o**3 - 17*o**2 + 13*o + 22. Is p(x) prime?
False
Suppose 5*q + 0*h - 22 = -h, -3*q - 2*h + 9 = 0. Suppose -4*o = -2*x + x + 182, 0 = 2*x - q*o - 364. Let w = x + -69. Is w composite?
False
Let u(w) = -214*w**3 - 12*w**2 - 13*w - 433. Is u(-16) composite?
False
Let f = 2919 + -996. Is f a composite number?
True
Let n(v) = 4*v + 28. Let z be n(-6). Suppose 75340 = -z*y + 5*b, 3*b = -0*b + 12. Is y/5*1/(-2) prime?
False
Suppose -14238113 = 61*x - 174*x. Is x a prime number?
True
Suppose -16*c + 104167 = -9*c. Suppose -120*u = -121*u + c. Is u composite?
True
Suppose 448554 = 2*k - 4*g, 4*k + k - g = 1121394. Is k a prime number?
False
Let r be (-10)/(300/(-18)) + (-6)/10. Let k(g) = -2*g - 1905. Let d be k(r). Let o = d + 4538. Is o composite?
False
Let c(v) = -41*v - 13. Suppose 3*x + 3*w = -3, -1 = 3*x + 4*w - 3. Is c(x) composite?
False
Let s(v) = 2*v**2 + 2*v - 1. Let a be -3*(24/(-9))/8. Let y be s(a). Suppose -476 = -y*p + k + 4599, 0 = 5*p + 4*k - 8481. Is p composite?
False
Let m(a) = 990*a + 9. Let p be m(-1). Let x = p + 1468. Is x prime?
True
Let f(w) = 949*w**2 + 6*w - 2. Suppose 10 = 8*v + 26. Let r be f(v). Suppose -i - 9735 = -5*b - 226, 0 = 2*b + 5*i - r. Is b prime?
True
Let q = 22064 + -12677. Let y = 17084 - q. Is y composite?
True
Let h be -2 - (-5)/(15/6). Let d be 1*(3 - (4 - h)). Let w(m) = -680*m - 3. Is w(d) prime?
True
Let g = 55855 - 39604. Suppose 112929 = 18*r + g. Is r prime?
False
Let r be 77/7 - -10 - (-1 - 1). Suppose r*g - 195366 = 12393. Is g composite?
True
Let u(b) = 62*b - 3. Let j be u(1). Let g be -4 + 6 + j*6. Let q = -165 + g. Is q a prime number?
True
Let x = -266 - -43. Let q(s) = 8*s**2 + 53*s - 381. Let b be q(7). Let j = b + x. Is j a prime number?
False
Suppose -26 = -2*c - 3*i, 5*c = 5*i + 15 - 0. Suppose -3*v - 2886 = -3*r, -6*r + c*r + 962 = -v. Is (3/(12/(-10)))/(13/v) prime?
False
Let n(t) = -t**2 + t - 2. Let o be n(0). Let b be 1 - o*(3 - -421). Suppose -4*p = 4*c - 848, -c - 3*c - 5*p = -b. Is c prime?
True
Suppose -219*h + 220*h + 5*s = 470021, 2349897 = 5*h - s. Is h prime?
False
Suppose b + 639 = z + 4*b, -2600 = -4*z - b. Let n be (-11 - (-4 + -1))/((-2)/z). Let g = -1274 + n. Is g composite?
True
Let p(k) = k**3 - 14*k**2 - 15*k + 10. Let z be p(15). Suppose 10 = -5*y - z. Is 448 - ((3 - 0) + y) a composite number?
False
Let o = -682 + 295. Let k = o - -906. Let u = k + -202. Is u a prime number?
True
Let i be (-1414)/(-6 - -13)*9/(-2). Let f(p) = -p**3 + 6*p**2 + 2. Let q be f(6). Suppose q*c + c = i. Is c prime?
False
Suppose 283*z = 290*z - 28. Suppose -10509 = -5*a - z*f, 3*a - 4*f - 8400 = -a. Is a prime?
False
Let o = 45 + -50. Let m = o - -21. Suppose -1086 = 10*q - m*q. Is q a composite number?
False
Let f = 91 + -93. Let d be f/5*(-450)/((-5)/(-1)). Let a = 355 - d. Is a a composite number?
True
Suppose 0 = 9*x - 13*x + 79096. Suppose 34*v - 15892 = x. Is v composite?
False
Suppose -23*q - 66*q + 292899 = 0. Is q prime?
False
Let n be (2634 - 1)/((-9)/(-9)). Let j = 4414 - n. Is j a composite number?
True
Let o(l) = 12*l**3 + 85*l**2 - 118*l + 383. Is o(34) a composite number?
True
Suppose i - 2*i + 4*t + 3 = 0, 5*i + 4*t = 87. Suppose 3*a - 42 - i = 0. Let x(f) = f**3 - 18*f**2 - 6*f + 4. Is x(a) a composite number?
False
Let n be 25/(3*(-2)/(-60)). Let m(z) = -z**2 - 255 - 7*z - 5*z**3 + n + z**2. Is m(-7) prime?
True
Suppose -1172092 - 2203435 = -6*l - 1005065. Is l a prime number?
False
Let h = 410 + 3579. Is h prime?
True
Let l(k) = -82*k**2 + 14*k - 3. Let o be l(6). Let r = o - -4022. Is r prime?
True
Let i = 33355 - 14738. Is i composite?
False
Suppose -36*o + 959926 + 165371 = 67509. Is o composite?
False
Let n(x) = 35*x**3 + 4*x**2 + 4*x + 1. Let s be n(4). Suppose 0 = -w - 3*y + s, -4*w + 3*y + 9295 = 4*y. Suppose -4*c + 0*c = -w. Is c prime?
False
Let f = -20 - -20. Suppose f = 5*h - 8*h + 6573. Suppose 4*u = -555 + h. Is u a composite number?
False
Let r(s) = -16*s**3 + 4*s**2 - 9*s + 1. Let a(k) = -47*k**3 + 12*k**2 - 25*k + 3. Let p(u) = -4*a(u) + 11*r(u). Is p(6) prime?
False
Is (-8 + 843787)*2*(9/(-2) - -5) prime?
True
Suppose 3*t + 47 = 4*l, 3 = 2*l + t - 8. Suppose -p = -3*y - 0*p + l, 5*p - 32 = -3*y. Suppose -5*f = -y*f - 4685. Is f prime?
False
Let u(i) = 91*i - 4. Let f be (-4)/14 + (-344)/(-28). Let c(y) = -y**2 + 14*y - 9. Let b be c(f). Is u(b) prime?
True
Suppose -93*x = 32*x - 36*x - 23041121. Is x a prime number?
False
Suppose 5*a + 8512 - 1737 = 0. Let u = 947 - a. Is 6/4*u/3 a prime number?
True
Let o(t) = -6*t**3 + 5*t**2 + 12*t + 6. Suppose -21*f + 17*f = 5*j, 3*f + 5 = -5*j. Is o(j) prime?
False
Suppose -6*w - 52 = -10*w. Let z = w + -19. Is (-36)/z*4306/12 composite?
False
Let t = 17691 - 10017. Is 1/(-5) - (-56)/20*t composite?
False
Let m = -25 + 39. Let f = 24 - m. Suppose -3*b + 653 = -5*k, -4*b + f*k = 5*k - 864. Is b prime?
True
Suppose 0 = 3*p + 4*j - 1456725, -2*j + 1218473 - 247327 = 2*p. Is p a composite number?
False
Suppose 5*s + 3*m = 8282, -4*m - 4975 = -3*s - 0*s. Is s a composite number?
False
Let p = -62 + 67. Let l(a) be the first derivative of 43*a**2/2 + 8*a - 3. Is l(p) prime?
True
Let x = -47 + 49. Suppose 2*c = 0, x*s + c = 6*c + 370. Is s a prime number?
False
Suppose 0 = -4*m + 3*m + 7. Suppose 0 = 4*i - m*i - 81. Let c = i + 160. Is c a composite number?
True
Let w = 316993 + -166862. Is w a composite number?
False
Suppose -2*o - 1284055 = 2*y - 6836625, o = y + 2776293. Is o composite?
False
Suppose 3*b + 5 = 17. Suppose 3*z - 452 = -5*t, b*t + 2*z - 222 = 138. Let p = 69 + t. Is p prime?
True
Let t be (-2)/4 - (-283)/2. Suppose 0 = 2*o + 5*l + 637, -339*o + 323 = -340*o - l. Let z = t - o. Is z a prime number?
True
Suppose 30*d - 4*t + 2056091 = 35*d, -5*d + 2*t + 2056127 = 0. Is d composite?
True
Suppose -17432*d = -17419*d - 1782521. Is d a prime number?
True
Is (42/(-56))/((6/8252392)/(-1)) a composite number?
False
Suppose -8*m + 20 = -4. Let b be (-36)/m*727/(-4). Suppose b = 3*f + 576. Is f a prime number?
False
Let b be ((-240)/25)/(2*(-4)/820). Let k = b + -575. Is k a composite number?
False
Let d = 12886 + -8931. Let w = d + -9. Is w/8 + (33/12)/(-11) prime?
False
Let h be (-16134 - -6) + 7 - 1. Let l = h + 28351. Is l a prime number?
False
Let o(i) = 3*i**3 - 2*i**2 - 8*i - 26. Let p be (12/(-10))/(8 + 122/(-15)). Is o(p) composite?
True
Suppose 3*x + 5*g = -0*g + 10, -3*x - 3*g + 12 = 0. Suppose 2*s = 4*i - 700 - 246, -i + 242 = x*s. Is i prime?
False
Suppose 0 = -2*k + 118 + 28. Suppose 5*o - k = -58. Suppose -5*b - 1338 = -m, o*b = 2*m - 0*b - 2683. Is m com